{"id":2197,"date":"2023-02-17T11:23:49","date_gmt":"2023-02-17T11:23:49","guid":{"rendered":"https:\/\/peraisguvenligi.com\/?post_type=product&#038;p=2197"},"modified":"2023-02-17T11:23:51","modified_gmt":"2023-02-17T11:23:51","slug":"braun-goz-dusu-istasyonu","status":"publish","type":"product","link":"https:\/\/lulaisg.com.tr\/index.php\/urun\/braun-goz-dusu-istasyonu\/","title":{"rendered":"BRAUN G\u00d6Z DU\u015eU \u0130STASYONU"},"content":{"rendered":"<p>Kullan\u0131m Alanlar\u0131;Yabanc\u0131 maddelerin d\u0131\u015far\u0131 at\u0131lmas\u0131nda kimyasal ve t\u00fcrevleri Asitli-Kostik-Alkaliler ve cilde temas edebilecek ortamlarda kullan\u0131lmaktad\u0131r.<br \/>\nToz, kir, metal ve ah\u015fap par\u00e7ac\u0131klar\u0131 gibi k\u00fc\u00e7\u00fck ve g\u00f6r\u00fclmez olan ve v\u00fccuda zarar veren bu t\u00fcr i\u015flemler i\u00e7in yap\u0131\u015fmas\u0131n\u0131 engelleme ama\u00e7l\u0131 kullan\u0131lmaktad\u0131r.<br \/>\nUygulama bittikten 15 dk sonra bol su ile durulama yap\u0131lmal\u0131d\u0131r.<\/p>\n","protected":false},"excerpt":{"rendered":"<div>\n<p>2 Adet ta\u015f\u0131nabilir 500 ml g\u00f6z du\u015fu \u015fi\u015fesi i\u00e7erir<br \/>\nAcil m\u00fcdahaleler i\u00e7in uygundur<br \/>\nDuvara asma aparat\u0131<br \/>\nAynal\u0131, koruyucu plastik kapakl\u0131<\/p>\n<\/div>\n<div><\/div>\n","protected":false},"featured_media":2198,"comment_status":"open","ping_status":"closed","template":"","meta":[],"product_cat":[15,102],"product_tag":[105,106,107,372],"class_list":{"0":"post-2197","1":"product","2":"type-product","3":"status-publish","4":"has-post-thumbnail","6":"product_cat-genel","7":"product_cat-goz-ve-vucut-duslari","8":"product_tag-gozdusu","9":"product_tag-set","10":"product_tag-solusyon","11":"product_tag-toz","13":"first","14":"instock","15":"shipping-taxable","16":"product-type-simple"},"yoast_head":"<!-- This site is optimized with the Yoast SEO plugin v22.1 - https:\/\/yoast.com\/wordpress\/plugins\/seo\/ -->\n<title>BRAUN G\u00d6Z DU\u015eU \u0130STASYONU - LULA ISG<\/title>\n<meta name=\"description\" content=\"Kullan\u0131m Alanlar\u0131;Yabanc\u0131 maddelerin d\u0131\u015far\u0131 at\u0131lmas\u0131nda kimyasal ve t\u00fcrevleri Asitli-Kostik-Alkaliler ve cilde temas edebilecek ortamlarda kullan\u0131lmaktad\u0131r.\u00a0\" \/>\n<meta name=\"robots\" content=\"index, follow, max-snippet:-1, max-image-preview:large, max-video-preview:-1\" \/>\n<link rel=\"canonical\" href=\"https:\/\/lulaisg.com.tr\/index.php\/urun\/braun-goz-dusu-istasyonu\/\" \/>\n<meta property=\"og:locale\" content=\"tr_TR\" \/>\n<meta property=\"og:type\" content=\"article\" \/>\n<meta property=\"og:title\" content=\"BRAUN G\u00d6Z DU\u015eU \u0130STASYONU - LULA ISG\" \/>\n<meta property=\"og:description\" content=\"Kullan\u0131m Alanlar\u0131;Yabanc\u0131 maddelerin d\u0131\u015far\u0131 at\u0131lmas\u0131nda kimyasal ve t\u00fcrevleri Asitli-Kostik-Alkaliler ve cilde temas edebilecek ortamlarda kullan\u0131lmaktad\u0131r.\u00a0\" \/>\n<meta property=\"og:url\" content=\"https:\/\/lulaisg.com.tr\/index.php\/urun\/braun-goz-dusu-istasyonu\/\" \/>\n<meta property=\"og:site_name\" content=\"LULA ISG\" \/>\n<meta property=\"article:modified_time\" content=\"2023-02-17T11:23:51+00:00\" \/>\n<meta property=\"og:image\" content=\"https:\/\/lulaisg.com.tr\/wp-content\/uploads\/2023\/02\/BRAUN-GOZ-DUSU-ISTASYONU-2X500.jpg\" \/>\n\t<meta property=\"og:image:width\" content=\"1000\" \/>\n\t<meta property=\"og:image:height\" content=\"1000\" \/>\n\t<meta property=\"og:image:type\" content=\"image\/jpeg\" \/>\n<meta name=\"twitter:card\" content=\"summary_large_image\" \/>\n<meta name=\"twitter:label1\" content=\"Tahmini okuma s\u00fcresi\" \/>\n\t<meta name=\"twitter:data1\" content=\"1 dakika\" \/>\n<script type=\"application\/ld+json\" class=\"yoast-schema-graph\">{\"@context\":\"https:\/\/schema.org\",\"@graph\":[{\"@type\":\"WebPage\",\"@id\":\"https:\/\/lulaisg.com.tr\/index.php\/urun\/braun-goz-dusu-istasyonu\/\",\"url\":\"https:\/\/lulaisg.com.tr\/index.php\/urun\/braun-goz-dusu-istasyonu\/\",\"name\":\"BRAUN G\u00d6Z DU\u015eU \u0130STASYONU - LULA ISG\",\"isPartOf\":{\"@id\":\"https:\/\/lulaisg.com.tr\/#website\"},\"datePublished\":\"2023-02-17T11:23:49+00:00\",\"dateModified\":\"2023-02-17T11:23:51+00:00\",\"description\":\"Kullan\u0131m Alanlar\u0131;Yabanc\u0131 maddelerin d\u0131\u015far\u0131 at\u0131lmas\u0131nda kimyasal ve t\u00fcrevleri Asitli-Kostik-Alkaliler ve cilde temas edebilecek ortamlarda kullan\u0131lmaktad\u0131r.\u00a0\",\"breadcrumb\":{\"@id\":\"https:\/\/lulaisg.com.tr\/index.php\/urun\/braun-goz-dusu-istasyonu\/#breadcrumb\"},\"inLanguage\":\"tr\",\"potentialAction\":[{\"@type\":\"ReadAction\",\"target\":[\"https:\/\/lulaisg.com.tr\/index.php\/urun\/braun-goz-dusu-istasyonu\/\"]}]},{\"@type\":\"BreadcrumbList\",\"@id\":\"https:\/\/lulaisg.com.tr\/index.php\/urun\/braun-goz-dusu-istasyonu\/#breadcrumb\",\"itemListElement\":[{\"@type\":\"ListItem\",\"position\":1,\"name\":\"Anasayfa\",\"item\":\"https:\/\/lulaisg.com.tr\/\"},{\"@type\":\"ListItem\",\"position\":2,\"name\":\"Ma\u011faza\",\"item\":\"https:\/\/lulaisg.com.tr\/index.php\/magaza\/\"},{\"@type\":\"ListItem\",\"position\":3,\"name\":\"BRAUN G\u00d6Z DU\u015eU \u0130STASYONU\"}]},{\"@type\":\"WebSite\",\"@id\":\"https:\/\/lulaisg.com.tr\/#website\",\"url\":\"https:\/\/lulaisg.com.tr\/\",\"name\":\"LULA ISG\",\"description\":\"\",\"publisher\":{\"@id\":\"https:\/\/lulaisg.com.tr\/#organization\"},\"potentialAction\":[{\"@type\":\"SearchAction\",\"target\":{\"@type\":\"EntryPoint\",\"urlTemplate\":\"https:\/\/lulaisg.com.tr\/?s={search_term_string}\"},\"query-input\":\"required name=search_term_string\"}],\"inLanguage\":\"tr\"},{\"@type\":\"Organization\",\"@id\":\"https:\/\/lulaisg.com.tr\/#organization\",\"name\":\"LULA ISG\",\"url\":\"https:\/\/lulaisg.com.tr\/\",\"logo\":{\"@type\":\"ImageObject\",\"inLanguage\":\"tr\",\"@id\":\"https:\/\/lulaisg.com.tr\/#\/schema\/logo\/image\/\",\"url\":\"https:\/\/lulaisg.com.tr\/wp-content\/uploads\/2022\/12\/pera_logo_yatay_4@4x.png\",\"contentUrl\":\"https:\/\/lulaisg.com.tr\/wp-content\/uploads\/2022\/12\/pera_logo_yatay_4@4x.png\",\"width\":1035,\"height\":441,\"caption\":\"LULA ISG\"},\"image\":{\"@id\":\"https:\/\/lulaisg.com.tr\/#\/schema\/logo\/image\/\"}}]}<\/script>\n<!-- \/ Yoast SEO plugin. -->","yoast_head_json":{"title":"BRAUN G\u00d6Z DU\u015eU \u0130STASYONU - LULA ISG","description":"Kullan\u0131m Alanlar\u0131;Yabanc\u0131 maddelerin d\u0131\u015far\u0131 at\u0131lmas\u0131nda kimyasal ve t\u00fcrevleri Asitli-Kostik-Alkaliler ve cilde temas edebilecek ortamlarda kullan\u0131lmaktad\u0131r.\u00a0","robots":{"index":"index","follow":"follow","max-snippet":"max-snippet:-1","max-image-preview":"max-image-preview:large","max-video-preview":"max-video-preview:-1"},"canonical":"https:\/\/lulaisg.com.tr\/index.php\/urun\/braun-goz-dusu-istasyonu\/","og_locale":"tr_TR","og_type":"article","og_title":"BRAUN G\u00d6Z DU\u015eU \u0130STASYONU - LULA ISG","og_description":"Kullan\u0131m Alanlar\u0131;Yabanc\u0131 maddelerin d\u0131\u015far\u0131 at\u0131lmas\u0131nda kimyasal ve t\u00fcrevleri Asitli-Kostik-Alkaliler ve cilde temas edebilecek ortamlarda kullan\u0131lmaktad\u0131r.\u00a0","og_url":"https:\/\/lulaisg.com.tr\/index.php\/urun\/braun-goz-dusu-istasyonu\/","og_site_name":"LULA ISG","article_modified_time":"2023-02-17T11:23:51+00:00","og_image":[{"width":1000,"height":1000,"url":"https:\/\/lulaisg.com.tr\/wp-content\/uploads\/2023\/02\/BRAUN-GOZ-DUSU-ISTASYONU-2X500.jpg","type":"image\/jpeg"}],"twitter_card":"summary_large_image","twitter_misc":{"Tahmini okuma s\u00fcresi":"1 dakika"},"schema":{"@context":"https:\/\/schema.org","@graph":[{"@type":"WebPage","@id":"https:\/\/lulaisg.com.tr\/index.php\/urun\/braun-goz-dusu-istasyonu\/","url":"https:\/\/lulaisg.com.tr\/index.php\/urun\/braun-goz-dusu-istasyonu\/","name":"BRAUN G\u00d6Z DU\u015eU \u0130STASYONU - LULA ISG","isPartOf":{"@id":"https:\/\/lulaisg.com.tr\/#website"},"datePublished":"2023-02-17T11:23:49+00:00","dateModified":"2023-02-17T11:23:51+00:00","description":"Kullan\u0131m Alanlar\u0131;Yabanc\u0131 maddelerin d\u0131\u015far\u0131 at\u0131lmas\u0131nda kimyasal ve t\u00fcrevleri Asitli-Kostik-Alkaliler ve cilde temas edebilecek ortamlarda kullan\u0131lmaktad\u0131r.\u00a0","breadcrumb":{"@id":"https:\/\/lulaisg.com.tr\/index.php\/urun\/braun-goz-dusu-istasyonu\/#breadcrumb"},"inLanguage":"tr","potentialAction":[{"@type":"ReadAction","target":["https:\/\/lulaisg.com.tr\/index.php\/urun\/braun-goz-dusu-istasyonu\/"]}]},{"@type":"BreadcrumbList","@id":"https:\/\/lulaisg.com.tr\/index.php\/urun\/braun-goz-dusu-istasyonu\/#breadcrumb","itemListElement":[{"@type":"ListItem","position":1,"name":"Anasayfa","item":"https:\/\/lulaisg.com.tr\/"},{"@type":"ListItem","position":2,"name":"Ma\u011faza","item":"https:\/\/lulaisg.com.tr\/index.php\/magaza\/"},{"@type":"ListItem","position":3,"name":"BRAUN G\u00d6Z DU\u015eU \u0130STASYONU"}]},{"@type":"WebSite","@id":"https:\/\/lulaisg.com.tr\/#website","url":"https:\/\/lulaisg.com.tr\/","name":"LULA ISG","description":"","publisher":{"@id":"https:\/\/lulaisg.com.tr\/#organization"},"potentialAction":[{"@type":"SearchAction","target":{"@type":"EntryPoint","urlTemplate":"https:\/\/lulaisg.com.tr\/?s={search_term_string}"},"query-input":"required name=search_term_string"}],"inLanguage":"tr"},{"@type":"Organization","@id":"https:\/\/lulaisg.com.tr\/#organization","name":"LULA ISG","url":"https:\/\/lulaisg.com.tr\/","logo":{"@type":"ImageObject","inLanguage":"tr","@id":"https:\/\/lulaisg.com.tr\/#\/schema\/logo\/image\/","url":"https:\/\/lulaisg.com.tr\/wp-content\/uploads\/2022\/12\/pera_logo_yatay_4@4x.png","contentUrl":"https:\/\/lulaisg.com.tr\/wp-content\/uploads\/2022\/12\/pera_logo_yatay_4@4x.png","width":1035,"height":441,"caption":"LULA ISG"},"image":{"@id":"https:\/\/lulaisg.com.tr\/#\/schema\/logo\/image\/"}}]}},"_links":{"self":[{"href":"https:\/\/lulaisg.com.tr\/index.php\/wp-json\/wp\/v2\/product\/2197","targetHints":{"allow":["GET"]}}],"collection":[{"href":"https:\/\/lulaisg.com.tr\/index.php\/wp-json\/wp\/v2\/product"}],"about":[{"href":"https:\/\/lulaisg.com.tr\/index.php\/wp-json\/wp\/v2\/types\/product"}],"replies":[{"embeddable":true,"href":"https:\/\/lulaisg.com.tr\/index.php\/wp-json\/wp\/v2\/comments?post=2197"}],"wp:featuredmedia":[{"embeddable":true,"href":"https:\/\/lulaisg.com.tr\/index.php\/wp-json\/wp\/v2\/media\/2198"}],"wp:attachment":[{"href":"https:\/\/lulaisg.com.tr\/index.php\/wp-json\/wp\/v2\/media?parent=2197"}],"wp:term":[{"taxonomy":"product_cat","embeddable":true,"href":"https:\/\/lulaisg.com.tr\/index.php\/wp-json\/wp\/v2\/product_cat?post=2197"},{"taxonomy":"product_tag","embeddable":true,"href":"https:\/\/lulaisg.com.tr\/index.php\/wp-json\/wp\/v2\/product_tag?post=2197"}],"curies":[{"name":"wp","href":"https:\/\/api.w.org\/{rel}","templated":true}]}}