{"id":2083,"date":"2022-12-13T20:15:06","date_gmt":"2022-12-13T20:15:06","guid":{"rendered":"https:\/\/peraisguvenligi.com\/?post_type=product&#038;p=2083"},"modified":"2022-12-13T20:15:08","modified_gmt":"2022-12-13T20:15:08","slug":"3m-6059-abek1-filtre","status":"publish","type":"product","link":"https:\/\/lulaisg.com.tr\/index.php\/urun\/3m-6059-abek1-filtre\/","title":{"rendered":"3M 6059 ABEK1 F\u0130LTRE"},"content":{"rendered":"<ul>\n<li>3M\u2122 6000 ve 3M\u2122 7000 Serisi Yar\u0131m ve Tam Y\u00fcz Maskeleri i\u00e7in uygundur.<\/li>\n<li>Kolay oturma i\u00e7in Bayonet ba\u011flant\u0131 sistemi<\/li>\n<li>Gaz ve Buhar Kartu\u015fu 6059 organik buhar tehlikesine kar\u015f\u0131 korur.<\/li>\n<li>Filtreler, bir s\u00fcng\u00fc ba\u011flant\u0131 sistemi ile donat\u0131lm\u0131\u015f t\u00fcm 3M\u2122 Yar\u0131m ve Tam Y\u00fcz Maskelerinde kullan\u0131labilir<br \/>\n<strong>A :<\/strong>\u00a0Organik gaz ve buharlar ile \u00e7\u00f6z\u00fcc\u00fcler- Aseton, Benzol, Fenol, Trikloretilen, Toluen, Metanol vb.<br \/>\n<strong>B :<\/strong>\u00a0Asit gazlar (\u0130norganik) gaz ve buharlar &#8211; Ars\u0131n, Bromin, Kolr, Fostin, Halojenler, Nitrik asit, vb.<br \/>\n<strong>E:\u00a0<\/strong>K\u00fck\u00fcrt dioksit, Hidrojen siyanit (p\u00fcrsik asit) silfrik asit vb.<br \/>\n<strong>K1:\u00a0<\/strong>Amonyak \/ Amonyum Gaz\u0131 T\u00fcrevleri<\/li>\n<\/ul>\n","protected":false},"excerpt":{"rendered":"<p>Gaz ve Buhar Filtresi 6059, organik buharlara kar\u015f\u0131 koruma sa\u011flar.<\/p>\n","protected":false},"featured_media":2084,"comment_status":"open","ping_status":"closed","template":"","meta":[],"product_cat":[15,73],"product_tag":[369,371,78,81,370],"class_list":{"0":"post-2083","1":"product","2":"type-product","3":"status-publish","4":"has-post-thumbnail","6":"product_cat-genel","7":"product_cat-solunum-koruyucular","8":"product_tag-3m","9":"product_tag-buhar","10":"product_tag-filtre","11":"product_tag-gaz","12":"product_tag-solunum","14":"first","15":"instock","16":"shipping-taxable","17":"product-type-simple"},"yoast_head":"<!-- This site is optimized with the Yoast SEO plugin v22.1 - https:\/\/yoast.com\/wordpress\/plugins\/seo\/ -->\n<title>3M 6059 ABEK1 F\u0130LTRE - LULA ISG<\/title>\n<meta name=\"description\" content=\"Filtreler, bir s\u00fcng\u00fc ba\u011flant\u0131 sistemi ile donat\u0131lm\u0131\u015f t\u00fcm 3M\u2122 Yar\u0131m ve Tam Y\u00fcz Maskelerinde kullan\u0131labilir. Kolay oturma i\u00e7in Bayonet ba\u011flant\u0131 sistemi\" \/>\n<meta name=\"robots\" content=\"index, follow, max-snippet:-1, max-image-preview:large, max-video-preview:-1\" \/>\n<link rel=\"canonical\" href=\"https:\/\/lulaisg.com.tr\/index.php\/urun\/3m-6059-abek1-filtre\/\" \/>\n<meta property=\"og:locale\" content=\"tr_TR\" \/>\n<meta property=\"og:type\" content=\"article\" \/>\n<meta property=\"og:title\" content=\"3M 6059 ABEK1 F\u0130LTRE - LULA ISG\" \/>\n<meta property=\"og:description\" content=\"Filtreler, bir s\u00fcng\u00fc ba\u011flant\u0131 sistemi ile donat\u0131lm\u0131\u015f t\u00fcm 3M\u2122 Yar\u0131m ve Tam Y\u00fcz Maskelerinde kullan\u0131labilir. Kolay oturma i\u00e7in Bayonet ba\u011flant\u0131 sistemi\" \/>\n<meta property=\"og:url\" content=\"https:\/\/lulaisg.com.tr\/index.php\/urun\/3m-6059-abek1-filtre\/\" \/>\n<meta property=\"og:site_name\" content=\"LULA ISG\" \/>\n<meta property=\"article:modified_time\" content=\"2022-12-13T20:15:08+00:00\" \/>\n<meta property=\"og:image\" content=\"https:\/\/lulaisg.com.tr\/wp-content\/uploads\/2022\/12\/3M-6059-ABEK1-FILTRE.jpg\" \/>\n\t<meta property=\"og:image:width\" content=\"375\" \/>\n\t<meta property=\"og:image:height\" content=\"375\" \/>\n\t<meta property=\"og:image:type\" content=\"image\/jpeg\" \/>\n<meta name=\"twitter:card\" content=\"summary_large_image\" \/>\n<meta name=\"twitter:label1\" content=\"Tahmini okuma s\u00fcresi\" \/>\n\t<meta name=\"twitter:data1\" content=\"1 dakika\" \/>\n<script type=\"application\/ld+json\" class=\"yoast-schema-graph\">{\"@context\":\"https:\/\/schema.org\",\"@graph\":[{\"@type\":\"WebPage\",\"@id\":\"https:\/\/lulaisg.com.tr\/index.php\/urun\/3m-6059-abek1-filtre\/\",\"url\":\"https:\/\/lulaisg.com.tr\/index.php\/urun\/3m-6059-abek1-filtre\/\",\"name\":\"3M 6059 ABEK1 F\u0130LTRE - LULA ISG\",\"isPartOf\":{\"@id\":\"https:\/\/lulaisg.com.tr\/#website\"},\"datePublished\":\"2022-12-13T20:15:06+00:00\",\"dateModified\":\"2022-12-13T20:15:08+00:00\",\"description\":\"Filtreler, bir s\u00fcng\u00fc ba\u011flant\u0131 sistemi ile donat\u0131lm\u0131\u015f t\u00fcm 3M\u2122 Yar\u0131m ve Tam Y\u00fcz Maskelerinde kullan\u0131labilir. Kolay oturma i\u00e7in Bayonet ba\u011flant\u0131 sistemi\",\"breadcrumb\":{\"@id\":\"https:\/\/lulaisg.com.tr\/index.php\/urun\/3m-6059-abek1-filtre\/#breadcrumb\"},\"inLanguage\":\"tr\",\"potentialAction\":[{\"@type\":\"ReadAction\",\"target\":[\"https:\/\/lulaisg.com.tr\/index.php\/urun\/3m-6059-abek1-filtre\/\"]}]},{\"@type\":\"BreadcrumbList\",\"@id\":\"https:\/\/lulaisg.com.tr\/index.php\/urun\/3m-6059-abek1-filtre\/#breadcrumb\",\"itemListElement\":[{\"@type\":\"ListItem\",\"position\":1,\"name\":\"Anasayfa\",\"item\":\"https:\/\/lulaisg.com.tr\/\"},{\"@type\":\"ListItem\",\"position\":2,\"name\":\"Ma\u011faza\",\"item\":\"https:\/\/lulaisg.com.tr\/index.php\/magaza\/\"},{\"@type\":\"ListItem\",\"position\":3,\"name\":\"3M 6059 ABEK1 F\u0130LTRE\"}]},{\"@type\":\"WebSite\",\"@id\":\"https:\/\/lulaisg.com.tr\/#website\",\"url\":\"https:\/\/lulaisg.com.tr\/\",\"name\":\"LULA ISG\",\"description\":\"\",\"publisher\":{\"@id\":\"https:\/\/lulaisg.com.tr\/#organization\"},\"potentialAction\":[{\"@type\":\"SearchAction\",\"target\":{\"@type\":\"EntryPoint\",\"urlTemplate\":\"https:\/\/lulaisg.com.tr\/?s={search_term_string}\"},\"query-input\":\"required name=search_term_string\"}],\"inLanguage\":\"tr\"},{\"@type\":\"Organization\",\"@id\":\"https:\/\/lulaisg.com.tr\/#organization\",\"name\":\"LULA ISG\",\"url\":\"https:\/\/lulaisg.com.tr\/\",\"logo\":{\"@type\":\"ImageObject\",\"inLanguage\":\"tr\",\"@id\":\"https:\/\/lulaisg.com.tr\/#\/schema\/logo\/image\/\",\"url\":\"https:\/\/lulaisg.com.tr\/wp-content\/uploads\/2022\/12\/pera_logo_yatay_4@4x.png\",\"contentUrl\":\"https:\/\/lulaisg.com.tr\/wp-content\/uploads\/2022\/12\/pera_logo_yatay_4@4x.png\",\"width\":1035,\"height\":441,\"caption\":\"LULA ISG\"},\"image\":{\"@id\":\"https:\/\/lulaisg.com.tr\/#\/schema\/logo\/image\/\"}}]}<\/script>\n<!-- \/ Yoast SEO plugin. -->","yoast_head_json":{"title":"3M 6059 ABEK1 F\u0130LTRE - LULA ISG","description":"Filtreler, bir s\u00fcng\u00fc ba\u011flant\u0131 sistemi ile donat\u0131lm\u0131\u015f t\u00fcm 3M\u2122 Yar\u0131m ve Tam Y\u00fcz Maskelerinde kullan\u0131labilir. Kolay oturma i\u00e7in Bayonet ba\u011flant\u0131 sistemi","robots":{"index":"index","follow":"follow","max-snippet":"max-snippet:-1","max-image-preview":"max-image-preview:large","max-video-preview":"max-video-preview:-1"},"canonical":"https:\/\/lulaisg.com.tr\/index.php\/urun\/3m-6059-abek1-filtre\/","og_locale":"tr_TR","og_type":"article","og_title":"3M 6059 ABEK1 F\u0130LTRE - LULA ISG","og_description":"Filtreler, bir s\u00fcng\u00fc ba\u011flant\u0131 sistemi ile donat\u0131lm\u0131\u015f t\u00fcm 3M\u2122 Yar\u0131m ve Tam Y\u00fcz Maskelerinde kullan\u0131labilir. Kolay oturma i\u00e7in Bayonet ba\u011flant\u0131 sistemi","og_url":"https:\/\/lulaisg.com.tr\/index.php\/urun\/3m-6059-abek1-filtre\/","og_site_name":"LULA ISG","article_modified_time":"2022-12-13T20:15:08+00:00","og_image":[{"width":375,"height":375,"url":"https:\/\/lulaisg.com.tr\/wp-content\/uploads\/2022\/12\/3M-6059-ABEK1-FILTRE.jpg","type":"image\/jpeg"}],"twitter_card":"summary_large_image","twitter_misc":{"Tahmini okuma s\u00fcresi":"1 dakika"},"schema":{"@context":"https:\/\/schema.org","@graph":[{"@type":"WebPage","@id":"https:\/\/lulaisg.com.tr\/index.php\/urun\/3m-6059-abek1-filtre\/","url":"https:\/\/lulaisg.com.tr\/index.php\/urun\/3m-6059-abek1-filtre\/","name":"3M 6059 ABEK1 F\u0130LTRE - LULA ISG","isPartOf":{"@id":"https:\/\/lulaisg.com.tr\/#website"},"datePublished":"2022-12-13T20:15:06+00:00","dateModified":"2022-12-13T20:15:08+00:00","description":"Filtreler, bir s\u00fcng\u00fc ba\u011flant\u0131 sistemi ile donat\u0131lm\u0131\u015f t\u00fcm 3M\u2122 Yar\u0131m ve Tam Y\u00fcz Maskelerinde kullan\u0131labilir. Kolay oturma i\u00e7in Bayonet ba\u011flant\u0131 sistemi","breadcrumb":{"@id":"https:\/\/lulaisg.com.tr\/index.php\/urun\/3m-6059-abek1-filtre\/#breadcrumb"},"inLanguage":"tr","potentialAction":[{"@type":"ReadAction","target":["https:\/\/lulaisg.com.tr\/index.php\/urun\/3m-6059-abek1-filtre\/"]}]},{"@type":"BreadcrumbList","@id":"https:\/\/lulaisg.com.tr\/index.php\/urun\/3m-6059-abek1-filtre\/#breadcrumb","itemListElement":[{"@type":"ListItem","position":1,"name":"Anasayfa","item":"https:\/\/lulaisg.com.tr\/"},{"@type":"ListItem","position":2,"name":"Ma\u011faza","item":"https:\/\/lulaisg.com.tr\/index.php\/magaza\/"},{"@type":"ListItem","position":3,"name":"3M 6059 ABEK1 F\u0130LTRE"}]},{"@type":"WebSite","@id":"https:\/\/lulaisg.com.tr\/#website","url":"https:\/\/lulaisg.com.tr\/","name":"LULA ISG","description":"","publisher":{"@id":"https:\/\/lulaisg.com.tr\/#organization"},"potentialAction":[{"@type":"SearchAction","target":{"@type":"EntryPoint","urlTemplate":"https:\/\/lulaisg.com.tr\/?s={search_term_string}"},"query-input":"required name=search_term_string"}],"inLanguage":"tr"},{"@type":"Organization","@id":"https:\/\/lulaisg.com.tr\/#organization","name":"LULA ISG","url":"https:\/\/lulaisg.com.tr\/","logo":{"@type":"ImageObject","inLanguage":"tr","@id":"https:\/\/lulaisg.com.tr\/#\/schema\/logo\/image\/","url":"https:\/\/lulaisg.com.tr\/wp-content\/uploads\/2022\/12\/pera_logo_yatay_4@4x.png","contentUrl":"https:\/\/lulaisg.com.tr\/wp-content\/uploads\/2022\/12\/pera_logo_yatay_4@4x.png","width":1035,"height":441,"caption":"LULA ISG"},"image":{"@id":"https:\/\/lulaisg.com.tr\/#\/schema\/logo\/image\/"}}]}},"_links":{"self":[{"href":"https:\/\/lulaisg.com.tr\/index.php\/wp-json\/wp\/v2\/product\/2083","targetHints":{"allow":["GET"]}}],"collection":[{"href":"https:\/\/lulaisg.com.tr\/index.php\/wp-json\/wp\/v2\/product"}],"about":[{"href":"https:\/\/lulaisg.com.tr\/index.php\/wp-json\/wp\/v2\/types\/product"}],"replies":[{"embeddable":true,"href":"https:\/\/lulaisg.com.tr\/index.php\/wp-json\/wp\/v2\/comments?post=2083"}],"wp:featuredmedia":[{"embeddable":true,"href":"https:\/\/lulaisg.com.tr\/index.php\/wp-json\/wp\/v2\/media\/2084"}],"wp:attachment":[{"href":"https:\/\/lulaisg.com.tr\/index.php\/wp-json\/wp\/v2\/media?parent=2083"}],"wp:term":[{"taxonomy":"product_cat","embeddable":true,"href":"https:\/\/lulaisg.com.tr\/index.php\/wp-json\/wp\/v2\/product_cat?post=2083"},{"taxonomy":"product_tag","embeddable":true,"href":"https:\/\/lulaisg.com.tr\/index.php\/wp-json\/wp\/v2\/product_tag?post=2083"}],"curies":[{"name":"wp","href":"https:\/\/api.w.org\/{rel}","templated":true}]}}