{"id":178,"date":"2022-12-06T11:33:12","date_gmt":"2022-12-06T11:33:12","guid":{"rendered":"https:\/\/peraisguvenligi.com\/pera\/?post_type=product&#038;p=178"},"modified":"2022-12-06T11:34:07","modified_gmt":"2022-12-06T11:34:07","slug":"duvara-monte-goz-dusu-el-kumandali","status":"publish","type":"product","link":"https:\/\/lulaisg.com.tr\/index.php\/urun\/duvara-monte-goz-dusu-el-kumandali\/","title":{"rendered":"DUVARA MONTE G\u00d6Z DU\u015eU EL KUMANDALI"},"content":{"rendered":"<div>El kumandal\u0131d\u0131r, duvara kasa ile ba\u011flanmaya uygundur.<\/div>\n<div>T\u00fcm borular\u0131 paslanmaz \u00e7elikten imal edilmi\u015ftir.<\/div>\n","protected":false},"excerpt":{"rendered":"<div>Standartlar EN 15154 &#8211; 2<\/div>\n<div>Borular G\u00f6vde : 1 1\/4&#8243; Paslanmaz \u00c7elik<\/div>\n<div>Su Giri\u015fi : 1\/2&#8243; (Yar\u0131m Parmak)<\/div>\n<div>Su \u00c7\u0131k\u0131\u015f\u0131;: 1 1\/2&#8243;<\/div>\n<div>Du\u015f \u00c7ana\u011f\u0131 Paslanmaz \u00c7elik : \u00c7ap 300 mm<\/div>\n<div>Su Ak\u0131\u015f\u0131 min 11,5 lt \/ dk<\/div>\n<div>A\u011f\u0131rl\u0131k Paslanmaz \u00c7elik : 5,950 kg<\/div>\n","protected":false},"featured_media":215,"comment_status":"closed","ping_status":"closed","template":"","meta":[],"product_cat":[15,102],"product_tag":[190,186,187,188,189],"class_list":{"0":"post-178","1":"product","2":"type-product","3":"status-publish","4":"has-post-thumbnail","6":"product_cat-genel","7":"product_cat-goz-ve-vucut-duslari","8":"product_tag-duvaramonte","9":"product_tag-elkumandali","10":"product_tag-goz","11":"product_tag-paslanmaz","12":"product_tag-vucut","14":"first","15":"instock","16":"shipping-taxable","17":"product-type-simple"},"yoast_head":"<!-- This site is optimized with the Yoast SEO plugin v22.1 - https:\/\/yoast.com\/wordpress\/plugins\/seo\/ -->\n<title>DUVARA MONTE G\u00d6Z DU\u015eU EL KUMANDALI - LULA ISG<\/title>\n<meta name=\"robots\" content=\"index, follow, max-snippet:-1, max-image-preview:large, max-video-preview:-1\" \/>\n<link rel=\"canonical\" href=\"https:\/\/lulaisg.com.tr\/index.php\/urun\/duvara-monte-goz-dusu-el-kumandali\/\" \/>\n<meta property=\"og:locale\" content=\"tr_TR\" \/>\n<meta property=\"og:type\" content=\"article\" \/>\n<meta property=\"og:title\" content=\"DUVARA MONTE G\u00d6Z DU\u015eU EL KUMANDALI - LULA ISG\" \/>\n<meta property=\"og:description\" content=\"Standartlar EN 15154 - 2 Borular G\u00f6vde : 1 1\/4&quot; Paslanmaz \u00c7elik Su Giri\u015fi : 1\/2&quot; (Yar\u0131m Parmak) Su \u00c7\u0131k\u0131\u015f\u0131;: 1 1\/2&quot; Du\u015f \u00c7ana\u011f\u0131 Paslanmaz \u00c7elik : \u00c7ap 300 mm Su Ak\u0131\u015f\u0131 min 11,5 lt \/ dk A\u011f\u0131rl\u0131k Paslanmaz \u00c7elik : 5,950 kg\" \/>\n<meta property=\"og:url\" content=\"https:\/\/lulaisg.com.tr\/index.php\/urun\/duvara-monte-goz-dusu-el-kumandali\/\" \/>\n<meta property=\"og:site_name\" content=\"LULA ISG\" \/>\n<meta property=\"article:modified_time\" content=\"2022-12-06T11:34:07+00:00\" \/>\n<meta property=\"og:image\" content=\"https:\/\/lulaisg.com.tr\/wp-content\/uploads\/2022\/12\/IMG-20220803-WA0004.jpg\" \/>\n\t<meta property=\"og:image:width\" content=\"1200\" \/>\n\t<meta property=\"og:image:height\" content=\"1599\" \/>\n\t<meta property=\"og:image:type\" content=\"image\/jpeg\" \/>\n<meta name=\"twitter:card\" content=\"summary_large_image\" \/>\n<meta name=\"twitter:label1\" content=\"Tahmini okuma s\u00fcresi\" \/>\n\t<meta name=\"twitter:data1\" content=\"1 dakika\" \/>\n<script type=\"application\/ld+json\" class=\"yoast-schema-graph\">{\"@context\":\"https:\/\/schema.org\",\"@graph\":[{\"@type\":\"WebPage\",\"@id\":\"https:\/\/lulaisg.com.tr\/index.php\/urun\/duvara-monte-goz-dusu-el-kumandali\/\",\"url\":\"https:\/\/lulaisg.com.tr\/index.php\/urun\/duvara-monte-goz-dusu-el-kumandali\/\",\"name\":\"DUVARA MONTE G\u00d6Z DU\u015eU EL KUMANDALI - LULA ISG\",\"isPartOf\":{\"@id\":\"https:\/\/lulaisg.com.tr\/#website\"},\"datePublished\":\"2022-12-06T11:33:12+00:00\",\"dateModified\":\"2022-12-06T11:34:07+00:00\",\"breadcrumb\":{\"@id\":\"https:\/\/lulaisg.com.tr\/index.php\/urun\/duvara-monte-goz-dusu-el-kumandali\/#breadcrumb\"},\"inLanguage\":\"tr\",\"potentialAction\":[{\"@type\":\"ReadAction\",\"target\":[\"https:\/\/lulaisg.com.tr\/index.php\/urun\/duvara-monte-goz-dusu-el-kumandali\/\"]}]},{\"@type\":\"BreadcrumbList\",\"@id\":\"https:\/\/lulaisg.com.tr\/index.php\/urun\/duvara-monte-goz-dusu-el-kumandali\/#breadcrumb\",\"itemListElement\":[{\"@type\":\"ListItem\",\"position\":1,\"name\":\"Anasayfa\",\"item\":\"https:\/\/lulaisg.com.tr\/\"},{\"@type\":\"ListItem\",\"position\":2,\"name\":\"Ma\u011faza\",\"item\":\"https:\/\/lulaisg.com.tr\/index.php\/magaza\/\"},{\"@type\":\"ListItem\",\"position\":3,\"name\":\"DUVARA MONTE G\u00d6Z DU\u015eU EL KUMANDALI\"}]},{\"@type\":\"WebSite\",\"@id\":\"https:\/\/lulaisg.com.tr\/#website\",\"url\":\"https:\/\/lulaisg.com.tr\/\",\"name\":\"LULA ISG\",\"description\":\"\",\"publisher\":{\"@id\":\"https:\/\/lulaisg.com.tr\/#organization\"},\"potentialAction\":[{\"@type\":\"SearchAction\",\"target\":{\"@type\":\"EntryPoint\",\"urlTemplate\":\"https:\/\/lulaisg.com.tr\/?s={search_term_string}\"},\"query-input\":\"required name=search_term_string\"}],\"inLanguage\":\"tr\"},{\"@type\":\"Organization\",\"@id\":\"https:\/\/lulaisg.com.tr\/#organization\",\"name\":\"LULA ISG\",\"url\":\"https:\/\/lulaisg.com.tr\/\",\"logo\":{\"@type\":\"ImageObject\",\"inLanguage\":\"tr\",\"@id\":\"https:\/\/lulaisg.com.tr\/#\/schema\/logo\/image\/\",\"url\":\"https:\/\/lulaisg.com.tr\/wp-content\/uploads\/2022\/12\/pera_logo_yatay_4@4x.png\",\"contentUrl\":\"https:\/\/lulaisg.com.tr\/wp-content\/uploads\/2022\/12\/pera_logo_yatay_4@4x.png\",\"width\":1035,\"height\":441,\"caption\":\"LULA ISG\"},\"image\":{\"@id\":\"https:\/\/lulaisg.com.tr\/#\/schema\/logo\/image\/\"}}]}<\/script>\n<!-- \/ Yoast SEO plugin. -->","yoast_head_json":{"title":"DUVARA MONTE G\u00d6Z DU\u015eU EL KUMANDALI - LULA ISG","robots":{"index":"index","follow":"follow","max-snippet":"max-snippet:-1","max-image-preview":"max-image-preview:large","max-video-preview":"max-video-preview:-1"},"canonical":"https:\/\/lulaisg.com.tr\/index.php\/urun\/duvara-monte-goz-dusu-el-kumandali\/","og_locale":"tr_TR","og_type":"article","og_title":"DUVARA MONTE G\u00d6Z DU\u015eU EL KUMANDALI - LULA ISG","og_description":"Standartlar EN 15154 - 2 Borular G\u00f6vde : 1 1\/4\" Paslanmaz \u00c7elik Su Giri\u015fi : 1\/2\" (Yar\u0131m Parmak) Su \u00c7\u0131k\u0131\u015f\u0131;: 1 1\/2\" Du\u015f \u00c7ana\u011f\u0131 Paslanmaz \u00c7elik : \u00c7ap 300 mm Su Ak\u0131\u015f\u0131 min 11,5 lt \/ dk A\u011f\u0131rl\u0131k Paslanmaz \u00c7elik : 5,950 kg","og_url":"https:\/\/lulaisg.com.tr\/index.php\/urun\/duvara-monte-goz-dusu-el-kumandali\/","og_site_name":"LULA ISG","article_modified_time":"2022-12-06T11:34:07+00:00","og_image":[{"width":1200,"height":1599,"url":"https:\/\/lulaisg.com.tr\/wp-content\/uploads\/2022\/12\/IMG-20220803-WA0004.jpg","type":"image\/jpeg"}],"twitter_card":"summary_large_image","twitter_misc":{"Tahmini okuma s\u00fcresi":"1 dakika"},"schema":{"@context":"https:\/\/schema.org","@graph":[{"@type":"WebPage","@id":"https:\/\/lulaisg.com.tr\/index.php\/urun\/duvara-monte-goz-dusu-el-kumandali\/","url":"https:\/\/lulaisg.com.tr\/index.php\/urun\/duvara-monte-goz-dusu-el-kumandali\/","name":"DUVARA MONTE G\u00d6Z DU\u015eU EL KUMANDALI - LULA ISG","isPartOf":{"@id":"https:\/\/lulaisg.com.tr\/#website"},"datePublished":"2022-12-06T11:33:12+00:00","dateModified":"2022-12-06T11:34:07+00:00","breadcrumb":{"@id":"https:\/\/lulaisg.com.tr\/index.php\/urun\/duvara-monte-goz-dusu-el-kumandali\/#breadcrumb"},"inLanguage":"tr","potentialAction":[{"@type":"ReadAction","target":["https:\/\/lulaisg.com.tr\/index.php\/urun\/duvara-monte-goz-dusu-el-kumandali\/"]}]},{"@type":"BreadcrumbList","@id":"https:\/\/lulaisg.com.tr\/index.php\/urun\/duvara-monte-goz-dusu-el-kumandali\/#breadcrumb","itemListElement":[{"@type":"ListItem","position":1,"name":"Anasayfa","item":"https:\/\/lulaisg.com.tr\/"},{"@type":"ListItem","position":2,"name":"Ma\u011faza","item":"https:\/\/lulaisg.com.tr\/index.php\/magaza\/"},{"@type":"ListItem","position":3,"name":"DUVARA MONTE G\u00d6Z DU\u015eU EL KUMANDALI"}]},{"@type":"WebSite","@id":"https:\/\/lulaisg.com.tr\/#website","url":"https:\/\/lulaisg.com.tr\/","name":"LULA ISG","description":"","publisher":{"@id":"https:\/\/lulaisg.com.tr\/#organization"},"potentialAction":[{"@type":"SearchAction","target":{"@type":"EntryPoint","urlTemplate":"https:\/\/lulaisg.com.tr\/?s={search_term_string}"},"query-input":"required name=search_term_string"}],"inLanguage":"tr"},{"@type":"Organization","@id":"https:\/\/lulaisg.com.tr\/#organization","name":"LULA ISG","url":"https:\/\/lulaisg.com.tr\/","logo":{"@type":"ImageObject","inLanguage":"tr","@id":"https:\/\/lulaisg.com.tr\/#\/schema\/logo\/image\/","url":"https:\/\/lulaisg.com.tr\/wp-content\/uploads\/2022\/12\/pera_logo_yatay_4@4x.png","contentUrl":"https:\/\/lulaisg.com.tr\/wp-content\/uploads\/2022\/12\/pera_logo_yatay_4@4x.png","width":1035,"height":441,"caption":"LULA ISG"},"image":{"@id":"https:\/\/lulaisg.com.tr\/#\/schema\/logo\/image\/"}}]}},"_links":{"self":[{"href":"https:\/\/lulaisg.com.tr\/index.php\/wp-json\/wp\/v2\/product\/178","targetHints":{"allow":["GET"]}}],"collection":[{"href":"https:\/\/lulaisg.com.tr\/index.php\/wp-json\/wp\/v2\/product"}],"about":[{"href":"https:\/\/lulaisg.com.tr\/index.php\/wp-json\/wp\/v2\/types\/product"}],"replies":[{"embeddable":true,"href":"https:\/\/lulaisg.com.tr\/index.php\/wp-json\/wp\/v2\/comments?post=178"}],"wp:featuredmedia":[{"embeddable":true,"href":"https:\/\/lulaisg.com.tr\/index.php\/wp-json\/wp\/v2\/media\/215"}],"wp:attachment":[{"href":"https:\/\/lulaisg.com.tr\/index.php\/wp-json\/wp\/v2\/media?parent=178"}],"wp:term":[{"taxonomy":"product_cat","embeddable":true,"href":"https:\/\/lulaisg.com.tr\/index.php\/wp-json\/wp\/v2\/product_cat?post=178"},{"taxonomy":"product_tag","embeddable":true,"href":"https:\/\/lulaisg.com.tr\/index.php\/wp-json\/wp\/v2\/product_tag?post=178"}],"curies":[{"name":"wp","href":"https:\/\/api.w.org\/{rel}","templated":true}]}}