{"id":14,"date":"2022-12-06T11:30:42","date_gmt":"2022-12-06T11:30:42","guid":{"rendered":"https:\/\/peraisguvenligi.com\/pera\/?post_type=product&#038;p=14"},"modified":"2022-12-06T11:30:58","modified_gmt":"2022-12-06T11:30:58","slug":"gurultu-onleyici-kulaklik","status":"publish","type":"product","link":"https:\/\/lulaisg.com.tr\/index.php\/urun\/gurultu-onleyici-kulaklik\/","title":{"rendered":"G\u00dcR\u00dcLT\u00dc \u00d6NLEY\u0130C\u0130 KULAKLIK"},"content":{"rendered":"<p>Ki\u015filer a\u015f\u0131r\u0131 g\u00fcr\u00fclt\u00fcl\u00fc ortamlara (85 dB ve daha y\u00fcksek) maruz kald\u0131\u011f\u0131nda, g\u00fcr\u00fclt\u00fcye ba\u011fl\u0131 i\u015fitme kayb\u0131n\u0131 \u00f6nlemek i\u00e7in kullan\u0131l\u0131r.<\/p>\n","protected":false},"excerpt":{"rendered":"<p>Sar\u0131 ABS d\u0131\u015f kabu\u011fa sahiptir<br \/>\nBaretle ve koruyucu ba\u015fl\u0131kla kullan\u0131labilir<br \/>\n<strong>SNR:<\/strong> 26 dB<br \/>\n89\/686\/EEC Direktiflerine Uygun, CE EN 352-1 Sertifikal\u0131<br \/>\n<strong>Kullan\u0131m Alanlar\u0131:<\/strong><br \/>\nT\u00fcm g\u00fcr\u00fclt\u00fcl\u00fc ortamlarda, fabrika, at\u00f6lye, tekstil fabrikalar\u0131, matbaa, yol \u00e7al\u0131\u015fmalar\u0131, i\u015f makinalar\u0131, elektrikli el aletleri, tar\u0131m uygulamalar\u0131, havaalanlar\u0131, poligonlarda at\u0131\u015f yaparken<\/p>\n","protected":false},"featured_media":46,"comment_status":"closed","ping_status":"closed","template":"","meta":[],"product_cat":[15,20],"product_tag":[21,22,23],"class_list":{"0":"post-14","1":"product","2":"type-product","3":"status-publish","4":"has-post-thumbnail","6":"product_cat-genel","7":"product_cat-isitme-koruyucular","8":"product_tag-basbantli","9":"product_tag-gurultu","10":"product_tag-kulaklik","12":"first","13":"instock","14":"shipping-taxable","15":"product-type-simple"},"yoast_head":"<!-- This site is optimized with the Yoast SEO plugin v22.1 - https:\/\/yoast.com\/wordpress\/plugins\/seo\/ -->\n<title>G\u00dcR\u00dcLT\u00dc \u00d6NLEY\u0130C\u0130 KULAKLIK - LULA ISG<\/title>\n<meta name=\"robots\" content=\"index, follow, max-snippet:-1, max-image-preview:large, max-video-preview:-1\" \/>\n<link rel=\"canonical\" href=\"https:\/\/lulaisg.com.tr\/index.php\/urun\/gurultu-onleyici-kulaklik\/\" \/>\n<meta property=\"og:locale\" content=\"tr_TR\" \/>\n<meta property=\"og:type\" content=\"article\" \/>\n<meta property=\"og:title\" content=\"G\u00dcR\u00dcLT\u00dc \u00d6NLEY\u0130C\u0130 KULAKLIK - LULA ISG\" \/>\n<meta property=\"og:description\" content=\"Sar\u0131 ABS d\u0131\u015f kabu\u011fa sahiptir Baretle ve koruyucu ba\u015fl\u0131kla kullan\u0131labilir SNR: 26 dB 89\/686\/EEC Direktiflerine Uygun, CE EN 352-1 Sertifikal\u0131 Kullan\u0131m Alanlar\u0131: T\u00fcm g\u00fcr\u00fclt\u00fcl\u00fc ortamlarda, fabrika, at\u00f6lye, tekstil fabrikalar\u0131, matbaa, yol \u00e7al\u0131\u015fmalar\u0131, i\u015f makinalar\u0131, elektrikli el aletleri, tar\u0131m uygulamalar\u0131, havaalanlar\u0131, poligonlarda at\u0131\u015f yaparken\" \/>\n<meta property=\"og:url\" content=\"https:\/\/lulaisg.com.tr\/index.php\/urun\/gurultu-onleyici-kulaklik\/\" \/>\n<meta property=\"og:site_name\" content=\"LULA ISG\" \/>\n<meta property=\"article:modified_time\" content=\"2022-12-06T11:30:58+00:00\" \/>\n<meta property=\"og:image\" content=\"https:\/\/lulaisg.com.tr\/wp-content\/uploads\/2022\/12\/GE-2601-600x600-1.jpg\" \/>\n\t<meta property=\"og:image:width\" content=\"600\" \/>\n\t<meta property=\"og:image:height\" content=\"600\" \/>\n\t<meta property=\"og:image:type\" content=\"image\/jpeg\" \/>\n<meta name=\"twitter:card\" content=\"summary_large_image\" \/>\n<meta name=\"twitter:label1\" content=\"Tahmini okuma s\u00fcresi\" \/>\n\t<meta name=\"twitter:data1\" content=\"1 dakika\" \/>\n<script type=\"application\/ld+json\" class=\"yoast-schema-graph\">{\"@context\":\"https:\/\/schema.org\",\"@graph\":[{\"@type\":\"WebPage\",\"@id\":\"https:\/\/lulaisg.com.tr\/index.php\/urun\/gurultu-onleyici-kulaklik\/\",\"url\":\"https:\/\/lulaisg.com.tr\/index.php\/urun\/gurultu-onleyici-kulaklik\/\",\"name\":\"G\u00dcR\u00dcLT\u00dc \u00d6NLEY\u0130C\u0130 KULAKLIK - LULA ISG\",\"isPartOf\":{\"@id\":\"https:\/\/lulaisg.com.tr\/#website\"},\"datePublished\":\"2022-12-06T11:30:42+00:00\",\"dateModified\":\"2022-12-06T11:30:58+00:00\",\"breadcrumb\":{\"@id\":\"https:\/\/lulaisg.com.tr\/index.php\/urun\/gurultu-onleyici-kulaklik\/#breadcrumb\"},\"inLanguage\":\"tr\",\"potentialAction\":[{\"@type\":\"ReadAction\",\"target\":[\"https:\/\/lulaisg.com.tr\/index.php\/urun\/gurultu-onleyici-kulaklik\/\"]}]},{\"@type\":\"BreadcrumbList\",\"@id\":\"https:\/\/lulaisg.com.tr\/index.php\/urun\/gurultu-onleyici-kulaklik\/#breadcrumb\",\"itemListElement\":[{\"@type\":\"ListItem\",\"position\":1,\"name\":\"Anasayfa\",\"item\":\"https:\/\/lulaisg.com.tr\/\"},{\"@type\":\"ListItem\",\"position\":2,\"name\":\"Ma\u011faza\",\"item\":\"https:\/\/lulaisg.com.tr\/index.php\/magaza\/\"},{\"@type\":\"ListItem\",\"position\":3,\"name\":\"G\u00dcR\u00dcLT\u00dc \u00d6NLEY\u0130C\u0130 KULAKLIK\"}]},{\"@type\":\"WebSite\",\"@id\":\"https:\/\/lulaisg.com.tr\/#website\",\"url\":\"https:\/\/lulaisg.com.tr\/\",\"name\":\"LULA ISG\",\"description\":\"\",\"publisher\":{\"@id\":\"https:\/\/lulaisg.com.tr\/#organization\"},\"potentialAction\":[{\"@type\":\"SearchAction\",\"target\":{\"@type\":\"EntryPoint\",\"urlTemplate\":\"https:\/\/lulaisg.com.tr\/?s={search_term_string}\"},\"query-input\":\"required name=search_term_string\"}],\"inLanguage\":\"tr\"},{\"@type\":\"Organization\",\"@id\":\"https:\/\/lulaisg.com.tr\/#organization\",\"name\":\"LULA ISG\",\"url\":\"https:\/\/lulaisg.com.tr\/\",\"logo\":{\"@type\":\"ImageObject\",\"inLanguage\":\"tr\",\"@id\":\"https:\/\/lulaisg.com.tr\/#\/schema\/logo\/image\/\",\"url\":\"https:\/\/lulaisg.com.tr\/wp-content\/uploads\/2022\/12\/pera_logo_yatay_4@4x.png\",\"contentUrl\":\"https:\/\/lulaisg.com.tr\/wp-content\/uploads\/2022\/12\/pera_logo_yatay_4@4x.png\",\"width\":1035,\"height\":441,\"caption\":\"LULA ISG\"},\"image\":{\"@id\":\"https:\/\/lulaisg.com.tr\/#\/schema\/logo\/image\/\"}}]}<\/script>\n<!-- \/ Yoast SEO plugin. -->","yoast_head_json":{"title":"G\u00dcR\u00dcLT\u00dc \u00d6NLEY\u0130C\u0130 KULAKLIK - LULA ISG","robots":{"index":"index","follow":"follow","max-snippet":"max-snippet:-1","max-image-preview":"max-image-preview:large","max-video-preview":"max-video-preview:-1"},"canonical":"https:\/\/lulaisg.com.tr\/index.php\/urun\/gurultu-onleyici-kulaklik\/","og_locale":"tr_TR","og_type":"article","og_title":"G\u00dcR\u00dcLT\u00dc \u00d6NLEY\u0130C\u0130 KULAKLIK - LULA ISG","og_description":"Sar\u0131 ABS d\u0131\u015f kabu\u011fa sahiptir Baretle ve koruyucu ba\u015fl\u0131kla kullan\u0131labilir SNR: 26 dB 89\/686\/EEC Direktiflerine Uygun, CE EN 352-1 Sertifikal\u0131 Kullan\u0131m Alanlar\u0131: T\u00fcm g\u00fcr\u00fclt\u00fcl\u00fc ortamlarda, fabrika, at\u00f6lye, tekstil fabrikalar\u0131, matbaa, yol \u00e7al\u0131\u015fmalar\u0131, i\u015f makinalar\u0131, elektrikli el aletleri, tar\u0131m uygulamalar\u0131, havaalanlar\u0131, poligonlarda at\u0131\u015f yaparken","og_url":"https:\/\/lulaisg.com.tr\/index.php\/urun\/gurultu-onleyici-kulaklik\/","og_site_name":"LULA ISG","article_modified_time":"2022-12-06T11:30:58+00:00","og_image":[{"width":600,"height":600,"url":"https:\/\/lulaisg.com.tr\/wp-content\/uploads\/2022\/12\/GE-2601-600x600-1.jpg","type":"image\/jpeg"}],"twitter_card":"summary_large_image","twitter_misc":{"Tahmini okuma s\u00fcresi":"1 dakika"},"schema":{"@context":"https:\/\/schema.org","@graph":[{"@type":"WebPage","@id":"https:\/\/lulaisg.com.tr\/index.php\/urun\/gurultu-onleyici-kulaklik\/","url":"https:\/\/lulaisg.com.tr\/index.php\/urun\/gurultu-onleyici-kulaklik\/","name":"G\u00dcR\u00dcLT\u00dc \u00d6NLEY\u0130C\u0130 KULAKLIK - LULA ISG","isPartOf":{"@id":"https:\/\/lulaisg.com.tr\/#website"},"datePublished":"2022-12-06T11:30:42+00:00","dateModified":"2022-12-06T11:30:58+00:00","breadcrumb":{"@id":"https:\/\/lulaisg.com.tr\/index.php\/urun\/gurultu-onleyici-kulaklik\/#breadcrumb"},"inLanguage":"tr","potentialAction":[{"@type":"ReadAction","target":["https:\/\/lulaisg.com.tr\/index.php\/urun\/gurultu-onleyici-kulaklik\/"]}]},{"@type":"BreadcrumbList","@id":"https:\/\/lulaisg.com.tr\/index.php\/urun\/gurultu-onleyici-kulaklik\/#breadcrumb","itemListElement":[{"@type":"ListItem","position":1,"name":"Anasayfa","item":"https:\/\/lulaisg.com.tr\/"},{"@type":"ListItem","position":2,"name":"Ma\u011faza","item":"https:\/\/lulaisg.com.tr\/index.php\/magaza\/"},{"@type":"ListItem","position":3,"name":"G\u00dcR\u00dcLT\u00dc \u00d6NLEY\u0130C\u0130 KULAKLIK"}]},{"@type":"WebSite","@id":"https:\/\/lulaisg.com.tr\/#website","url":"https:\/\/lulaisg.com.tr\/","name":"LULA ISG","description":"","publisher":{"@id":"https:\/\/lulaisg.com.tr\/#organization"},"potentialAction":[{"@type":"SearchAction","target":{"@type":"EntryPoint","urlTemplate":"https:\/\/lulaisg.com.tr\/?s={search_term_string}"},"query-input":"required name=search_term_string"}],"inLanguage":"tr"},{"@type":"Organization","@id":"https:\/\/lulaisg.com.tr\/#organization","name":"LULA ISG","url":"https:\/\/lulaisg.com.tr\/","logo":{"@type":"ImageObject","inLanguage":"tr","@id":"https:\/\/lulaisg.com.tr\/#\/schema\/logo\/image\/","url":"https:\/\/lulaisg.com.tr\/wp-content\/uploads\/2022\/12\/pera_logo_yatay_4@4x.png","contentUrl":"https:\/\/lulaisg.com.tr\/wp-content\/uploads\/2022\/12\/pera_logo_yatay_4@4x.png","width":1035,"height":441,"caption":"LULA ISG"},"image":{"@id":"https:\/\/lulaisg.com.tr\/#\/schema\/logo\/image\/"}}]}},"_links":{"self":[{"href":"https:\/\/lulaisg.com.tr\/index.php\/wp-json\/wp\/v2\/product\/14","targetHints":{"allow":["GET"]}}],"collection":[{"href":"https:\/\/lulaisg.com.tr\/index.php\/wp-json\/wp\/v2\/product"}],"about":[{"href":"https:\/\/lulaisg.com.tr\/index.php\/wp-json\/wp\/v2\/types\/product"}],"replies":[{"embeddable":true,"href":"https:\/\/lulaisg.com.tr\/index.php\/wp-json\/wp\/v2\/comments?post=14"}],"wp:featuredmedia":[{"embeddable":true,"href":"https:\/\/lulaisg.com.tr\/index.php\/wp-json\/wp\/v2\/media\/46"}],"wp:attachment":[{"href":"https:\/\/lulaisg.com.tr\/index.php\/wp-json\/wp\/v2\/media?parent=14"}],"wp:term":[{"taxonomy":"product_cat","embeddable":true,"href":"https:\/\/lulaisg.com.tr\/index.php\/wp-json\/wp\/v2\/product_cat?post=14"},{"taxonomy":"product_tag","embeddable":true,"href":"https:\/\/lulaisg.com.tr\/index.php\/wp-json\/wp\/v2\/product_tag?post=14"}],"curies":[{"name":"wp","href":"https:\/\/api.w.org\/{rel}","templated":true}]}}